 divisor of w and f?
9
Let u be -1 - (-183)/8 - 10/(-80). Calculate the highest common divisor of u and 198.
22
Let t = 121 - 118. Calculate the greatest common divisor of 51 and t.
3
Let w(a) = -3*a**2 + 23*a + 1. Let x be w(3). Calculate the highest common factor of x and 731.
43
Suppose -25 = -4*v + 51. Calculate the highest common factor of 57 and v.
19
Suppose -5*k + 35 = -0. Let a = k + -11. Let i(c) = c**2 + 5*c + 10. Let p be i(a). What is the highest common divisor of p and 66?
6
Let k be -6*-50*(-2)/(-12). Suppose 3*g = 59 + 1. Calculate the greatest common factor of g and k.
10
Let n(l) = -l**3 + 4*l**2 + 3*l - 6. Let v be n(4). Let m(j) = j**2 - j + 6. Let o be m(7). Calculate the greatest common divisor of v and o.
6
Suppose s - 4*r + 15 = 0, 85*r - 32 = 3*s + 86*r. Suppose -x + 21 + 9 = 3*f, x + f = 22. Let t = s + x. Calculate the highest common factor of 49 and t.
7
Suppose 3*f - 8 = 4*u - 107, -3*f = -9. Calculate the highest common factor of u and 378.
27
Let l(a) = -a**3 - 10*a**2 + 11*a + 5. Let v be l(-11). Let x be (22 + -6)*v/2. What is the highest common divisor of 60 and x?
20
Suppose 2*h + 40 - 60 = -2*x, 0 = -3*x - 6. Let u be (-1 - -4)/(1/52). What is the greatest common divisor of u and h?
12
Let m be 18/(-6)*(-2 - -1). Calculate the greatest common factor of m and 51.
3
Suppose 4*r + 5*v = -25, 2*v + v + 15 = -3*r. Suppose 6*f - 811 - 209 = r. What is the greatest common divisor of f and 34?
34
Let q(o) = -3*o**2 - 5. Let g(j) = j**2 + 2. Let z(p) = -5*g(p) - 2*q(p). Let i be z(3). What is the highest common divisor of i and 63?
9
Let i be (6 + -9)*(-3 + 0). Suppose -3*k + i + 24 = 0. Let g be k/(-2)*(-4 + 2). What is the highest common factor of g and 66?
11
Suppose 31 = 2*y - 21. Let l(b) = 3*b**2 - 5*b + 5. Let q be l(7). Calculate the highest common factor of q and y.
13
Let l = 204 + 16. Calculate the highest common factor of 100 and l.
20
Suppose -10 = -2*m + 3*b + 15, -3*b - 30 = -3*m. Calculate the highest common factor of m and 40.
5
Let w be (0 + (-5 - -6))*329. What is the highest common divisor of 35 and w?
7
Let d(p) = 2*p - 6. Let q be d(4). Suppose -2*w + o = -q, w + w - 3*o = -6. Suppose -5*k + 7 = -w. Calculate the highest common divisor of 3 and k.
1
Let d = -16 + 43. Let l be ((-891)/(-66))/(3*(-1)/(-18)). What is the greatest common divisor of d and l?
27
Let o(l) = 36*l**2 - 5*l + 3. Suppose 5*n = -3*z - 7, 5*z + 5*n + 7 - 2 = 0. Let v be o(z). Calculate the highest common divisor of 272 and v.
34
Let w = 91 + -20. Suppose -4*l + 2*l + w = -b, -b = -5*l + 170. What is the highest common divisor of 3 and l?
3
Suppose d = 2*k + 30, d + 3*d = 5*k + 111. Let y be d/(-5) + 3/(-15). Let p be y/(-15) + (-58)/(-6). Calculate the greatest common divisor of p and 2.
2
Suppose -6516 = -139*m + 130*m. Calculate the highest common divisor of 4 and m.
4
Let o be 3*-7*(-1)/3. Suppose 76 = -3*h + o*h. Calculate the greatest common factor of 76 and h.
19
Suppose -6*v + 40 = -v. Let x = v - 5. Suppose -24 = -x*g - z, 2*g - g - z - 12 = 0. Calculate the greatest common divisor of g and 3.
3
Let g = -120 + 139. Calculate the greatest common divisor of 437 and g.
19
Suppose 0 = -n - 7 + 9. Suppose 0 = -4*d + 2*p + 62, -d = n*d - 5*p - 57. Calculate the greatest common divisor of d and 98.
14
Let z(f) = f + 2. Let a be z(10). Let i be ((-15)/a)/((-7)/308). What is the highest common divisor of 22 and i?
11
Suppose 5*v + 409 = 5*d - 476, -879 = -5*d + 2*v. Calculate the highest common factor of 125 and d.
25
Let u(q) = -3*q - 10. Let w be u(-7). Suppose 4*f = 2*i + 212, 77 = 3*f + 5*i - 108. Calculate the greatest common divisor of w and f.
11
Let p = -2 - -4. Let t(k) = k**3 + 37*k**2 + 2. Let x be t(-37). Calculate the greatest common divisor of p and x.
2
Let k = -247 + 328. What is the highest common factor of k and 36?
9
Let g = -248 + 307. What is the highest common divisor of 177 and g?
59
Suppose -4*b = -b - 72. Let a = -212 + 140. Let h be ((-55)/(-15))/(1 - (-71)/a). Calculate the greatest common factor of h and b.
24
Let c be 49/21*6*1. Calculate the greatest common factor of 266 and c.
14
Let m(r) = 2*r + 19 + 0*r + 10*r + 2*r**2 + 4*r. Let x be m(-8). What is the greatest common factor of x and 209?
19
Let l(r) = -10*r - 198. Let i be l(-27). Suppose 3*a - 497 = -2*a - 4*d, 0 = -3*a - 3*d + 297. Let m = a - i. What is the highest common factor of m and 319?
29
Suppose 3*t - 7 + 1 = 0. Suppose 4*s + 272 = t*i, -2*i + 22 + 244 = -s. What is the greatest common divisor of 12 and i?
12
Suppose 3*w + 3*j + 11 = 77, 2*w - 2*j = 64. Suppose -r - w = -4*m - 4*r, 4*r - 10 = -m. Let i be (3/4)/(m/288). What is the highest common divisor of i and 9?
9
Suppose 0 = 15*u + 958 - 2638. Calculate the highest common factor of 14 and u.
14
Let m be ((-5)/10)/((-1)/12). Let i = 11 - m. Suppose -i*h = -3*q + 384, 2*q - 325 = -2*h - 53. Calculate the highest common factor of q and 19.
19
Suppose -250 = c - 259. Calculate the highest common factor of c and 1089.
9
Let n(o) be the first derivative of o**3 + 2*o**2 - 2*o + 11. Let y be n(-4). What is the highest common factor of 60 and y?
30
Let s = 121 - 58. Let p = s + -38. Calculate the highest common divisor of p and 10.
5
Suppose -k + 18 = 4*i + 4, -2*k + 5*i = 11. Suppose k*j + 2*g = 38, j + g = 6*g + 13. Let r = 0 - -18. What is the greatest common divisor of j and r?
18
Suppose 4*i - 5 - 7 = 0. Suppose -48 - 21 = -i*l. Suppose l = 2*c + 7. Calculate the highest common divisor of 64 and c.
8
Let u = -4 - -19. Let g = 5 + u. What is the highest common factor of 180 and g?
20
Let z = 25 + -20. Let k be (100/(-6))/(z/3 + -2). What is the greatest common factor of k and 10?
10
Let r(g) = -2*g + 21. Let z be r(3). Calculate the highest common divisor of 12 and z.
3
Let y(a) = -15*a + 15. Let o(d) = 16*d - 14. Let u(j) = -6*o(j) - 7*y(j). Let r be u(11). Calculate the greatest common factor of r and 52.
26
Let l(c) = -c**2 - 16*c + 27. Let v be l(-16). What is the highest common divisor of 3618 and v?
27
Let l be 16 - 0*2/(-6). Let p = 15 - l. Let k be p/((-99)/48 - -2). Calculate the highest common factor of 144 and k.
16
Let f = -101 - -97. Let u be -1*(f - -5)*(-51)/3. What is the greatest common divisor of 136 and u?
17
Suppose 9*y = -37*y + 460. Calculate the highest common factor of 8 and y.
2
Suppose 5*n - 5*b = 26 + 14, 5*n + 5*b = 60. Let l(s) = -s - 4. Let r be l(-8). Suppose 0 = 5*m - r*m - 10. Calculate the highest common factor of n and m.
10
Suppose 4*d = 5*y - 120, -4*y + 96 = -d - 3*d. Let v be (-3)/1*(-4)/6. Suppose -v*m - m = -y. What is the greatest common factor of 64 and m?
8
Suppose 64*z - 473 = 21*z. Suppose -2*c - 5*p + 2*p + 167 = 0, c + 3*p - 79 = 0. Calculate the highest common factor of z and c.
11
Let l(w) be the second derivative of 8*w**3/3 + 4*w**2 + 3*w. Let j be l(8). Calculate the greatest common factor of 17 and j.
17
Let m = 36 - 17. Let v be m - (1 + 6/3). Suppose 19*l - 810 = v*l. Calculate the greatest common factor of 30 and l.
30
Suppose 30 = 4*u - 102. Let y = -15 + 13. Let m be 1 - (-16 + -3 + y). What is the highest common divisor of u and m?
11
Suppose 0 = 2*d - 5*a - 2 - 5, -3*d = 5*a + 52. Let j be ((-66)/d + -2)*24. What is the greatest common factor of 16 and j?
16
Suppose -111*m + 45100 = -55*m + 149*m. Let b be ((-1)/2)/((-1)/110). What is the greatest common factor of m and b?
55
Let y = -887 - -957. What is the greatest common divisor of 126 and y?
14
Let b = -54 + 80. Let u = b - 10. Calculate the highest common divisor of u and 16.
16
Suppose -131*h + 129*h + 3*v = -50, -5*h + 91 = v. Let o(q) = -q**2 + q + 38. Let u be o(0). What is the greatest common divisor of u and h?
19
Suppose 0 = -3*q - 2*q + 10. Let t be (-362)/(-10) - (-5)/(-25). Suppose q*l = -g + 36, -2*l + g + g + t = 0. Calculate the highest common divisor of 180 and l.
18
Suppose 4*b - 429 = b. Suppose -3*z + 251 = r, 4*z - 418 = -2*r + 78. Suppose 5*m - r = b. Calculate the highest common factor of 7 and m.
7
Let r be 4/(20/(-25)) - -10. Suppose -r*h + 12 + 42 = 2*y, 4*h - 32 = 4*y. Calculate the highest common divisor of h and 25.
5
Let m(b) = 2*b**2 + 6*b + 9*b**3 - 6 - 10*b**3 + 1. Let t be m(3). Suppose -t*d = 27 - 111. What is the highest common